27*c - 23. Let a(h) = 189*h + 162. Let z(i) = -5*a(i) - 36*f(i). Let n be z(4). What is the greatest common divisor of n and 14?
14
Suppose -13 - 23 = 4*b. Let v(c) = 2*c + 58. Let i be v(b). What is the highest common divisor of 50 and i?
10
Let z = 17 - -27. Suppose -4*u - 20 = 3*c - 4, 0 = 5*c. Let w(g) = 2*g**2 + 6*g + 3. Let j be w(u). What is the greatest common factor of z and j?
11
Suppose 2*w = 4*w. Suppose w = -2*i + 6*i - 4*r + 8, -16 = -4*r. Suppose -5*b = -d + 14, 5*b + 14 = i*d + 2*b. Calculate the highest common divisor of d and 12.
4
Let w = -211 - -238. Calculate the highest common factor of w and 162.
27
Let c = -23 + 45. Let f = c + -8. Let v(b) = b - 1. Let w be v(f). What is the greatest common divisor of w and 78?
13
Suppose -42 = 5*x - 102. Let c = -2 + 7. Suppose -7 - c = -3*v. What is the greatest common divisor of x and v?
4
Suppose 3*n + 0*n - 5*x - 955 = 0, 0 = -5*n + x + 1577. Calculate the greatest common divisor of n and 45.
45
Let b(k) = -30 + 21*k - 42*k + 24*k. Let s be b(15). Calculate the highest common factor of s and 6.
3
Let y be 13/((-130)/8)*(-15)/(-2). Let l be y/(1/8*14/(-21)). What is the highest common divisor of 9 and l?
9
Let z be ((-336)/(-40))/((-4)/(-10)). Let b(f) = -f - 4. Let m be b(3). Let g = 7 - m. What is the greatest common factor of z and g?
7
Let g = -899 - -1329. Calculate the highest common divisor of 43 and g.
43
Suppose 465*n - 6290 = 460*n. What is the greatest common divisor of 222 and n?
74
Let g(q) = q**2 - 16*q + 63. Let n be g(4). Suppose h - 4*p = -2*h + 50, h = -2*p. Calculate the highest common divisor of n and h.
5
Let p(u) = -61*u + 7. Let y be p(3). Let t be (y/(-55))/((-1)/(-5)). Calculate the greatest common divisor of 40 and t.
8
Let r = 31 + -51. Let s be (-936)/(-21) - r/(-35). Calculate the greatest common factor of 4 and s.
4
Suppose w - 2*a - 4 = -0*w, w = -a + 1. What is the greatest common factor of w and 6?
2
Let m(o) = -21*o + 6. Let h be m(-8). Let n be h/10 + 16/(-40). What is the greatest common divisor of n and 1?
1
Let t be 0*(1 + -4 - -2) - 0. Suppose -4*v + 9 + 39 = t. What is the greatest common divisor of v and 6?
6
Let t = 6 + -43. Let u = 185 - 62. Let b = u - t. Calculate the highest common divisor of 20 and b.
20
Suppose -9*u + 104*u = 49590. What is the highest common factor of 36 and u?
18
Let w = 9 - -2. Suppose 0 = -w*d + 9*d + 112. Suppose 4*c - 76 = 5*f - 0*f, 2*f = -8. Calculate the highest common divisor of c and d.
14
Suppose 0 = -5*w + 11 + 49. Suppose 76 = 25*n - 24. What is the greatest common divisor of n and w?
4
Suppose 2 = -2*q - 3*u + 2*u, -3*u = 4*q + 6. Suppose -m + 4*m - 60 = q. Calculate the highest common divisor of m and 20.
20
Let y = -32 + 32. Suppose 3*w + 5 - 8 = y. Let i(j) = 16*j - 1. Let f be i(w). Calculate the greatest common divisor of f and 3.
3
Let v(q) = 7*q. Let x be v(1). Suppose 0 = -13*y + 504 + 497. Calculate the greatest common divisor of y and x.
7
Let v(q) = 3*q**3 - 13*q**2 - 39*q. Let k be v(7). Suppose 19 = 3*y - 32. Calculate the greatest common factor of k and y.
17
Let m(r) be the third derivative of r**5/60 - r**4/8 - 11*r**3/3 + 16*r**2. Let v be m(18). Calculate the highest common factor of v and 31.
31
Let c be 39*(104/(-24) - -7). Calculate the greatest common divisor of c and 130.
26
Let o be 17/(136/96) - -306. Calculate the highest common divisor of o and 12.
6
Let p be (14/(-21))/(2/(-9)) + 17. Let d = -230 + 370. What is the highest common divisor of p and d?
20
Let y = 258 + -26. What is the greatest common divisor of y and 261?
29
Let s(t) = -1 + 0 - 192*t - 22*t + 32*t. Let n be s(-2). Calculate the highest common factor of 33 and n.
33
Let m be (-4)/32*-18*(-32)/(-6). What is the greatest common factor of 4 and m?
4
Let k(y) = 7*y - 149. Let r be k(27). What is the greatest common divisor of r and 24?
8
Let m = 43 + 85. Calculate the highest common divisor of 32 and m.
32
Suppose -14 = l - 16. Suppose 7 = 5*s + 4*f - 10, -l*f = -2*s - 4. Suppose -2*b + b + 1 = 0. What is the highest common divisor of s and b?
1
Suppose -176*i + 208*i - 8096 = 0. Calculate the greatest common divisor of 92 and i.
23
Let b = 234 - 139. Calculate the greatest common factor of 5 and b.
5
Let i(l) = -l**3 - 74*l**2 - 146*l - 12. Let x be i(-72). Calculate the highest common factor of x and 1254.
66
Let q(z) = -z**2 + 14*z + 28. Let m be q(15). Suppose -2*u + 17 = m. Suppose -5 + 49 = 5*g + 4*b, -2*b + 2 = 0. Calculate the highest common divisor of u and g.
2
Let q = 5 + 1. Suppose -5*a = -5*w - 735, -q*a + 3*w + 587 = -2*a. Suppose p - a = -26. Calculate the greatest common factor of 24 and p.
24
Suppose 0 = 3*b - 5*d - 1001, -3*b - 2*d + 330 = -2*b. Suppose 51 - 379 = -3*y + 2*c, -3*y - 2*c = -b. What is the greatest common divisor of 10 and y?
10
Suppose 0 = 6*c - 53 + 29. Suppose -234 = -c*p - 3*y + 118, -2*p + 176 = -5*y. Calculate the highest common factor of p and 11.
11
Suppose -3*c + 332 = -8*f + 3*f, 0 = -4*c + 2*f + 466. Let d = -224 + 241. Calculate the highest common divisor of d and c.
17
Suppose -8*y + 3*i + 10 = -3*y, -5*i = -25. Suppose 0 = -y*w + 15, 10 = b + w + 2*w. Suppose t + b = 12. Calculate the greatest common divisor of 121 and t.
11
Let l be 4 + (-4 - -1) + 3. Let t(n) = n**3 - 5*n**2 + 3*n + 4. Let c be t(l). Suppose 5*a - 6*a + 4 = c. What is the greatest common factor of 28 and a?
4
Let t be 69*(-5)/(-30)*(-2 - -4). Calculate the greatest common divisor of t and 115.
23
Let q = 8 - 8. Suppose 0*z + 30 = 6*z. Suppose z*i - i + c - 724 = q, 2*i - 380 = -5*c. Calculate the greatest common divisor of i and 72.
36
Suppose -z + 10 = 6. Suppose 46 + 10 = h + 2*a, z*a = -h + 64. Let r(v) = v**2 - 7*v + 8. Let o be r(8). Calculate the highest common divisor of h and o.
16
Let r = 789 - 741. What is the greatest common factor of r and 42?
6
Let q(o) = o**3 - 14*o**2 - 19*o + 76. Let a be q(15). What is the highest common factor of 656 and a?
16
Let l(z) = -16*z - 431. Let f be l(-30). What is the greatest common divisor of 1225 and f?
49
Suppose -2*p + 3*n = -231, -3*p - 3*n - 132 + 441 = 0. Let f(h) = -h**3 - 6*h**2 - 7*h + 2. Let g be f(-5). Calculate the greatest common factor of g and p.
12
Suppose -23*j = -19*j - 532. What is the greatest common factor of j and 19?
19
Suppose -l - 11743 = 51*a - 56*a, 0 = 3*l - 6. What is the greatest common factor of 58 and a?
29
Suppose 13106 - 3216 = 46*c. What is the greatest common divisor of c and 5?
5
Let w(x) = -2*x + 15. Let r be w(7). Let z(n) = 4*n**2 + 2*n - 2. Let u be z(r). What is the highest common divisor of u and 44?
4
Let j(a) = -18*a - 8*a - 40 - 2*a**2 + 39. Let v be j(-12). Calculate the highest common factor of 230 and v.
23
Suppose 2*x - f - 12 + 1 = 0, 4*x = -2*f + 10. Suppose -x*v = s - 48, 3*v + 7*s = 2*s + 53. Calculate the highest common divisor of 11 and v.
11
Suppose -46*v = -42*v + 3*i - 220, 20 = 5*i. Calculate the highest common divisor of 65 and v.
13
Let c = 1 + 4. Suppose 27 = c*r - 23. Suppose 5*i = -25, -31*y + 80 = -29*y + 4*i. Calculate the highest common divisor of r and y.
10
Let m(g) = -2*g**3 + g**2 + 12*g. Let s be m(-5). Calculate the greatest common factor of 5 and s.
5
Let q(d) = -d**2 - 9*d - 3. Let p be q(-5). Let y = -18 + p. Let v be y/(-1) + (42 - -17). Calculate the highest common divisor of 15 and v.
15
Let g(u) = 18 - 6 + 7*u + u**2 - 11. Let d be g(-6). Let o = 10 + d. What is the highest common factor of 5 and o?
5
Let r(k) = -2*k**3 + 9*k**2 + 2*k + 2. Let n be r(5). Let o = n + 21. Let p be ((-6 - 0) + -2)/(-1). Calculate the highest common factor of o and p.
8
Suppose 0 = -3*p + 5*a + 22, -3*a = p + 2. Let b be 2/p + 165*(-2)/(-12). What is the highest common divisor of b and 42?
14
Suppose 0*u + 48 = 8*u. Let k be (-50)/(-3)*(-243)/(-135). Calculate the highest common divisor of k and u.
6
Suppose -2*r - 3*d + 21 = 0, 8 = r - 0*d + d. Suppose 20 = 5*c, -r*z = z + c - 52. Suppose -28 - z = -s. What is the greatest common factor of 5 and s?
5
Suppose -t + x + 9 = 0, x = -x - 6. Let a be 802/5 - t/15. Suppose -170 = -6*z + 3*z + 5*g, 3*z = -5*g + a. What is the greatest common factor of 11 and z?
11
Let a(h) = -28*h - 4. Let f be a(-1). Calculate the greatest common factor of f and 